 is 34 (base 7) in base 16?
19
3 (base 9) to base 7
3
11 (base 8) to base 11
9
-101010 (base 2) to base 11
-39
Convert -8 (base 15) to base 6.
-12
Convert 5 (base 10) to base 8.
5
Convert -5 (base 15) to base 9.
-5
57 (base 8) to base 16
2f
12 (base 3) to base 13
5
Convert 71 (base 11) to base 9.
86
-214 (base 8) to base 10
-140
What is -22 (base 5) in base 10?
-12
What is 355 (base 10) in base 8?
543
-12 (base 5) to base 11
-7
What is -5 (base 13) in base 11?
-5
Convert 3 (base 14) to base 5.
3
What is 1 (base 13) in base 15?
1
Convert -1 (base 15) to base 2.
-1
0 (base 3) to base 16
0
What is 4 (base 15) in base 7?
4
Convert -3 (base 10) to base 6.
-3
-18 (base 12) to base 2
-10100
Convert -c (base 14) to base 16.
-c
Convert -1 (base 9) to base 16.
-1
What is 10 (base 6) in base 11?
6
32 (base 5) to base 16
11
What is -72 (base 9) in base 12?
-55
Convert -2 (base 13) to base 12.
-2
31 (base 4) to base 15
d
What is -3 (base 14) in base 16?
-3
3 (base 15) to base 3
10
Convert 14 (base 6) to base 11.
a
Convert 204 (base 9) to base 16.
a6
Convert -3b (base 15) to base 4.
-320
What is -3 (base 8) in base 2?
-11
4 (base 5) to base 12
4
What is -ce (base 16) in base 3?
-21122
Convert -2b (base 15) to base 5.
-131
Convert 72 (base 12) to base 15.
5b
4 (base 6) to base 9
4
Convert 1012 (base 4) to base 7.
130
0 (base 6) to base 13
0
d (base 15) to base 16
d
Convert -23 (base 13) to base 6.
-45
4 (base 14) to base 7
4
What is 41 (base 6) in base 10?
25
What is -2 (base 6) in base 10?
-2
Convert 1a (base 12) to base 9.
24
Convert -5 (base 14) to base 5.
-10
Convert 0 (base 4) to base 10.
0
2 (base 16) to base 12
2
-2 (base 14) to base 12
-2
What is 24 (base 6) in base 14?
12
10101 (base 3) to base 5
331
What is -60 (base 11) in base 13?
-51
Convert -4 (base 16) to base 9.
-4
1 (base 9) to base 8
1
Convert 2011 (base 4) to base 11.
111
What is 147 (base 11) in base 12?
124
-114 (base 8) to base 4
-1030
2 (base 4) to base 15
2
Convert 52 (base 8) to base 11.
39
Convert 48 (base 9) to base 7.
62
Convert -1 (base 6) to base 16.
-1
-1 (base 7) to base 14
-1
What is -48 (base 12) in base 8?
-70
What is 1 (base 14) in base 4?
1
Convert 11 (base 3) to base 8.
4
-74 (base 16) to base 2
-1110100
What is -57 (base 12) in base 10?
-67
Convert -1013 (base 4) to base 6.
-155
What is -37 (base 10) in base 16?
-25
Convert 0 (base 4) to base 7.
0
What is 42 (base 6) in base 8?
32
Convert 11 (base 15) to base 7.
22
4 (base 15) to base 8
4
6 (base 9) to base 14
6
-101010 (base 2) to base 14
-30
25 (base 12) to base 10
29
What is 6 (base 10) in base 12?
6
Convert -221 (base 3) to base 9.
-27
Convert 3a (base 16) to base 3.
2011
Convert 1224 (base 5) to base 6.
513
-b (base 16) to base 6
-15
What is -1 (base 3) in base 12?
-1
Convert 108 (base 12) to base 11.
129
Convert -1 (base 3) to base 4.
-1
Convert 4 (base 16) to base 2.
100
1 (base 4) to base 9
1
Convert 7 (base 15) to base 16.
7
What is -23 (base 12) in base 4?
-123
What is -33 (base 13) in base 15?
-2c
0 (base 10) to base 9
0
What is -52 (base 11) in base 16?
-39
60 (base 16) to base 2
1100000
12 (base 7) to base 4
21
Convert 3 (base 5) to base 3.
10
What is -2 (base 5) in base 12?
-2
Convert 4 (base 15) to base 12.
4
What is 69 (base 12) in base 9?
100
13 (base 16) to base 11
18
0 (base 11) to base 12
0
What is 19 (base 16) in base 8?
31
178 (base 12) to base 2
11101100
1110100 (base 2) to base 9
138
2 (base 4) to base 7
2
-a (base 13) to base 6
-14
What is -3 (base 15) in base 2?
-11
4 (base 5) to base 7
4
17 (base 9) to base 12
14
Convert -320 (base 7) to base 6.
-425
Convert -b6 (base 16) to base 7.
-350
2 (base 11) to base 14
2
Convert -1020 (base 3) to base 10.
-33
Convert 1101010 (base 2) to base 13.
82
Convert 5 (base 8) to base 13.
5
Convert -102020 (base 3) to base 13.
-1a4
Convert 10111 (base 2) to base 15.
18
58 (base 10) to base 13
46
What is 33 (base 15) in base 5?
143
123 (base 4) to base 3
1000
-10200 (base 3) to base 10
-99
Convert 22 (base 9) to base 4.
110
What is 112120 (base 3) in base 9?
476
Convert 101 (base 5) to base 6.
42
What is 5 (base 9) in base 11?
5
Convert -10 (base 8) to base 5.
-13
Convert -10 (base 8) to base 2.
-1000
36 (base 12) to base 3
1120
Convert -2100 (base 3) to base 4.
-333
Convert -200 (base 6) to base 14.
-52
-1000101 (base 2) to base 5
-234
Convert -4 (base 15) to base 10.
-4
7 (base 14) to base 5
12
What is -2201 (base 3) in base 4?
-1021
14 (base 13) to base 6
25
Convert dd (base 16) to base 5.
1341
What is -6 (base 8) in base 2?
-110
What is -17 (base 12) in base 6?
-31
Convert 6 (base 11) to base 7.
6
Convert 3 (base 11) to base 8.
3
Convert 1 (base 9) to base 16.
1
-1102 (base 4) to base 6
-214
What is -1 (base 5) in base 11?
-1
23 (base 14) to base 9
34
Convert -3 (base 14) to base 2.
-11
What is 52 (base 7) in base 3?
1101
What is -1001 (base 3) in base 15?
-1d
8 (base 13) to base 12
8
23 (base 5) to base 7
16
Convert -10 (base 2) to base 8.
-2
Convert 7 (base 14) to base 5.
12
-225 (base 9) to base 12
-135
What is -143 (base 11) in base 14?
-c0
4 (base 7) to base 14
4
d (base 16) to base 5
23
What is -2 (base 12) in base 15?
-2
Convert 12 (base 15) to base 3.
122
Convert 38 (base 10) to base 15.
28
What is -22 (base 6) in base 9?
-15
What is 98 (base 13) in base 5?
1000
1 (base 4) to base 14
1
Convert 5 (base 9) to base 7.
5
ab (base 15) to base 8
241
-111211 (base 3) to base 6
-1421
32 (base 15) to base 14
35
Convert 21 (base 15) to base 7.
43
Convert -101 (base 9) to base 3.
-10001
What is 18 (base 14) in base 13?
19
-3 (base 6) to base 2
-11
-17 (base 8) to base 4
-33
-2 (base 8) to base 6
-2
What is -5 (base 14) in base 7?
-5
Convert 3 (base 11) to base 15.
3
Convert 234 (base 8) to base 6.
420
-7 (base 8) to base 10
-7
What is -1 (base 2) in base 5?
-1
What is 3 (base 15) in base 12?
3
What is 5 (base 7) in base 14?
5
Convert -22 (base 7) to base 6.
-24
d (base 16) to base 7
16
Convert -1 (base 2) to base 8.
-1
What is -12 (base 8) in base 7?
-13
Convert -25 (base 12) to base 7.
-41
Convert 75 (base 12) to base 7.
155
Convert 201 (base 3) to base 9.
21
1 (base 3) to base 7
1
What is -131 (base 4) in base 14?
-21
What is -5a (base 13) in base 2?
-1001011
Convert 6 (base 13) to base 16.
6
Convert -4 (base 15) to base 13.
-4
-4 (base 13) to base 15
-4
Convert -2 (base 8) to base 6.
-2
What is 126 (base 7) in base 9?
76
Convert 320 (base 4) to base 7.
110
What is 3 (base 14) in base 13?
3
Convert 0 (base 2) to base 10.
0
1 (base 13) to base 12
1
44 (base 15) to base 12
54
What is 3 (base 11) in base 9?
3
Convert 26 (base 8) to base 11.
20
What is 77 (base 15) in base 11?
a2
What is 11100 (base 2) in base 14?
20
What is -39 (base 16) in base 3?
-2010
What is -6 (base 12) in base 6?
-10
What is 2220 (base 4) in base 10?
168
What is -4 (base 5) in base 15?
-4
132 (base 6) to base 7
110
What is 10 (base 4) in base 8?
4
52 (base 13) to base 6
151
-2 (base 7) to base 6
-2
-1010 (base 3) to base 14
-22
Convert 55 (base 6) to base 14.
27
0 (base 4) to base 16
0
Convert -7 (base 16) to base 5.
-12
-3 (base 8) to base 7
-3
6 (base 8) to base 12
6
What is 0 (base 3) in base 11?
0
What is -5 (base 13) in base 6?
-5
What is 6 (base 8) in base 5?
11
-121 (base 5) to base 13
-2a
-34 (base 12) to base 16
-28
Convert -1220 (base 6) to base 10.
-300
What is -1110 (base 2) in base 14?
-10
What is 1110000 (base 2) in base 14?
80
What is -a8 (base 12) in base 3?
-11202
Convert 15 (base 14) to base 5.
34
Convert 45 (base 6) to base 3.
1002
Convert -4 (base 11) to base 7.
-4
0 (base 16) to base 13
0
Convert 48 (base 9) to base 6.
112
-18 (base 12) to base 10
-20
Convert -3 (base 14) to base 4.
-3
-6 (base 13) to base 9
-6
Convert -100 (base 2) to base 5.
-4
What is 0 (base 12) in base 10?
0
What is 1 (base 10) in base 2?
1
Convert -26 (base 16) to base 2.
-100110
Convert -242 (base 6) to base 11.
-8a
31 (base 15) to base 4
232
What is c (base 15) in base 13?
c
Convert -36 (base 15) to base 4.
-303
Convert -5 (base 16) to base 7.
-5
Convert -21 (base 3) to base 2.
-111
Convert 21 (base 10) to base 4.
111
What is 31 (base 5) in base 3?
121
Convert -7 (base 15) to base 10.
-7
What is -4 (base 9) in base 12?
-4
Convert 6 (base 14) to base 8.
6
-68 (base 10) to base 8
-104
Convert